 6, -8*i - 102288 = -3*n - 12*i. What is the ten thousands digit of n?
3
Let j(u) = -17838*u + 2437. What is the thousands digit of j(-2)?
8
Let p(l) = -l**3 - 55*l**2 - 387*l - 258. What is the hundreds digit of p(-51)?
0
Suppose -19 = -3*x - 4, -4*k = x + 319. What is the tens digit of 2634/(-8)*108/k?
3
Let g(s) = -s**3 - 14*s**2 - 35*s - 55. What is the hundreds digit of g(-16)?
0
Let d(f) = -f**3 - 2*f**2 + f + 694. Let c be d(0). Suppose 122 = 2*b - c. What is the units digit of b?
8
What is the thousands digit of (-1085)/310*(-78328)/7?
9
Let d(c) = -c**2 + 4*c - 3. Let i be d(3). Suppose i = -3*y + 5 - 11. What is the units digit of y + 6 - (-46)/1?
0
Let d be -5 + (-27)/(-3) - -63. Let b = -60 + d. Suppose 62 = b*v - 6*v. What is the tens digit of v?
6
What is the tens digit of (-47914)/8*(4/(-5))/((-30)/(-150))?
5
Let x = 17880 + -9859. What is the thousands digit of x?
8
Let t(b) = -159*b - 1193. What is the units digit of t(-48)?
9
Let c(s) = -s - 7. Let r be ((-11)/2)/((-90)/(-12) + -7). Let k be c(r). Suppose 3*i = -k*o + 4, -3*o + i + 4*i + 3 = 0. What is the units digit of o?
1
Suppose 0 = -u + 7 + 1. Suppose 3*f + 25 = u*f. Suppose -h - f*r + 71 = 0, -4*r + 194 = 3*h - 52. What is the tens digit of h?
8
Let k(w) = 74*w**2 + 225*w + 2337. What is the units digit of k(-11)?
6
Let t = 161 - 144. Let s = t + 32. What is the tens digit of s?
4
Let a be (-6)/18 + 19/3. Let w(g) = -g**3 + 11*g**2 - 6*g - 7. Let z be w(a). Suppose 3*m + z = 2*v - 11, 4*m = 2*v - 144. What is the tens digit of v?
8
Let u(q) = 4*q + 5. Suppose -5*o + 2*j = -3*o + 2, -4*o = -3*j + 3. Let h be u(o). Suppose 14 = h*d - 291. What is the tens digit of d?
6
Suppose 8 = 2*p + 2*p. Suppose -2*t - 2*v = 461 - 95, 0 = -p*t - v - 371. Let q = 280 + t. What is the units digit of q?
2
Suppose -2*h = -4*v + 268, 12*h + 270 = 4*v + 11*h. Suppose 520 = v*b - 60*b. What is the tens digit of b?
6
Let h(n) = 8*n**2 - 23*n - 74*n - 10 + 24*n. What is the tens digit of h(15)?
9
Let p be 4 + -12 + -6 + 7. What is the units digit of ((-1767)/p - -3) + (-28)/(-49)?
6
Suppose -3*g = -6*g + 6. Suppose -a + 264 = -g*f, 6*f = -3*a + 8*f + 796. Suppose 8*k - a = 126. What is the tens digit of k?
4
What is the hundreds digit of 4/5 + 238/(-35) + 7 + 11521?
5
Let i = -131 + 133. Suppose i*b + 0*k - k + 17 = 0, 2*b + 12 = -4*k. Let m = 68 - b. What is the tens digit of m?
7
Let g = 52 + -50. Suppose 0 = -3*l - 5*d + 892, -563 = -0*l - g*l + 3*d. Suppose 2*r - z = l, 0 = -2*r - 2*z + 146 + 140. What is the tens digit of r?
4
Let j(u) = -u**3 + 36*u**2 - 51*u + 19. Let s be j(32). Suppose 13*r - s = 4589. What is the hundreds digit of r?
5
Suppose 10*s + 2 = 22. Suppose -8*t + s*t + 1068 = 0. What is the tens digit of t?
7
Let s(l) = -l - l**2 - 31*l - 39*l - 25. What is the hundreds digit of s(-10)?
5
Let o(r) = -3386*r - 899. What is the tens digit of o(-12)?
3
Let i be (-26*9/24)/((-3)/40). Let r = -55 + i. What is the units digit of r?
5
Suppose -2*s - 16*j + 20*j = -15248, -15 = -5*j. What is the thousands digit of s?
7
Let x be -2*(3 + 1 + 3 + -5). Let a be 4/((-968)/(-244) + x). Let l = 210 + a. What is the tens digit of l?
8
Suppose -7148 = 162*n - 166*n. What is the tens digit of n?
8
Let a = -186 + 317. Let f = 409 + a. Suppose t = -5*t + f. What is the tens digit of t?
9
Suppose 0 = -4*t - 13 + 45. Suppose 0 = t*l - 5*l. Suppose 2*c - 4*d - 214 = l, -c - 3*d - 2*d = -72. What is the tens digit of c?
9
Let d(v) = 3*v**2 - 6. Let w be d(-6). Let i = -72 + w. Suppose -p + 61 = i. What is the tens digit of p?
3
Let y be (-2 - -16)*1/2. What is the tens digit of (750/y)/((-9)/(-63))?
5
Let l(j) be the third derivative of j**5/60 + 7*j**4/24 - 7*j**3/3 + 13*j**2. Let b(p) = 5*p - 14. Let c be b(4). What is the tens digit of l(c)?
6
Suppose v = -v + 4. Let r = 885 + -883. Suppose -s + 85 = 4*m, s - r*s + v*m = -109. What is the units digit of s?
1
Suppose h + o + 5 = 2*h, 4*h + 16 = -5*o. Let t(y) = -86 + 185*y**2 - 113 + y + 197 - 64*y**2. What is the tens digit of t(h)?
2
Suppose 24 = -15*s + 11*s. What is the tens digit of s/(-21) + 14862/21?
0
Suppose a = 5*a + 84. Let o be 108/a + (-8)/(-56). What is the tens digit of (-570)/12*4/o?
3
Let y = -158 + 169. Suppose y*f = 2417 + 1367. What is the units digit of f?
4
What is the ten thousands digit of 11*6/(24/4)*5298?
5
Let w(o) be the third derivative of o**3/6 - 12*o**2. Let h(s) = -3*s - 41. Let f(d) = -h(d) - 4*w(d). What is the units digit of f(-12)?
1
Let f(o) = -108*o - 1450. What is the tens digit of f(-24)?
4
What is the units digit of (600/9)/((1 - 9) + (-27400)/(-3420))?
0
Suppose -36*o = -139*o - 824. Let f(z) be the first derivative of -3*z**4/4 - 7*z**3 - 4*z**2 + 4*z - 3. What is the hundreds digit of f(o)?
2
Let f be (1/((-6)/(-4)))/(17/(-153)). Let v be ((-38)/12 + 1/2)*f. Let q(g) = g**3 - 13*g**2 - 38*g - 1. What is the units digit of q(v)?
9
Let s = -25 + 58. Let q be (7/2 - -10)/(12/16). Let l = q + s. What is the tens digit of l?
5
Let s(x) = 5*x**2 - 10*x + 39. Let k be s(5). Let o = 515 - k. What is the units digit of o?
1
Suppose -23*v = -27*v - 320. What is the units digit of v/((-10)/4 + 2)?
0
Let q be (-2 - 1)*-1*151. Suppose 5*p - 64 = -2*n, 3*n = p - 13 - 10. Suppose -p*i + 11*i + q = 0. What is the hundreds digit of i?
1
Let i be 9/(-9) + (-15)/(-3). Suppose 2*v + 3*x + 2*x = 65, 26 = v - i*x. Suppose -2*p + 5*h = -249 - v, -p + 145 = 3*h. What is the units digit of p?
2
Suppose -4*r + 9*c + 2426 = 0, 2308 = 4*r + c - 178. What is the units digit of r?
0
Suppose 5*f = 2*a + 4407, 13*f = 10*f + 4*a + 2647. Let j = -424 + f. What is the tens digit of j?
5
Let h(g) = 4 + 0*g**2 + 21*g + 10*g + 2*g**2. Let k = 6309 + -6329. What is the tens digit of h(k)?
8
Let s = 26 + -24. Suppose 5*u + 396 = 4*f - 93, f - 119 = -s*u. Let q = -44 + f. What is the units digit of q?
7
Suppose -228*n + 222*n - 36 = 0. What is the thousands digit of n + (-3150)/(2 + -5)?
1
Let c(r) = -420*r - 18. What is the thousands digit of c(-8)?
3
Suppose 4*w + 4*y - 6*y = 1278, 0 = -4*w + 3*y + 1279. Suppose 3*d - 4*b - w = 115, 0 = -4*d - 3*b + 562. What is the tens digit of d?
4
Let m(t) = 3*t + 15. Suppose 2*w - 43 = -15. Let v be m(w). Suppose 2*h - 3*h = -v. What is the tens digit of h?
5
Let s be (-6)/(-10) - 18/30. Suppose 3*p + f = 861, p + 4*p - 3*f - 1435 = s. Let x = p + -109. What is the hundreds digit of x?
1
Let s be (-14)/5 + 2/(-10). Let c(z) = 42*z**2 - 9*z - 5. Let u be c(s). Suppose -5*k + u + 220 = 0. What is the hundreds digit of k?
1
Let h be ((-3 - -4)*31)/(-1). Let b = h - -33. Suppose -b*s + 0 = -28. What is the units digit of s?
4
Let n(w) = 2*w + 24 - 4 + 24. Let h be n(0). What is the units digit of h - (6/(-5))/((-8)/20)?
1
Let u(s) = -34*s + 46*s - 15 - 26. What is the units digit of u(24)?
7
Let j = 36 + -30. Suppose -j*w - 186 - 66 = 0. Let q = w + 43. What is the units digit of q?
1
Let i = 14 - 38. Let c = 46 + -13. Let y = i + c. What is the units digit of y?
9
Let r be (-7982)/(-91) - (-2)/7. Suppose h = -3*q + r, 3*q - 325 = -4*h - 0*q. Let s = h - -74. What is the hundreds digit of s?
1
Let c = 182 - -22. Suppose -44 = 2*b + 190. Let d = b + c. What is the units digit of d?
7
Suppose -8*x + 53 - 13 = 0. Suppose -4*b + 4 = 0, x*i + 2*b - 5656 = -1154. What is the units digit of i?
0
Suppose -2*n + 2*t + 386 = -2084, 30 = -5*t. What is the units digit of n?
9
Suppose n - 1 = -v, -n + 4*n - 3*v + 3 = 0. Suppose n = 4*f + f + 40. Let i = f - -34. What is the units digit of i?
6
Let d = 28 + -30. Let q be (18/4 - 4)/(d/(-20)). Suppose -q*j + 428 = -j. What is the hundreds digit of j?
1
Suppose 264707 = -68*o + 1329587. What is the tens digit of o?
6
Let q(f) be the third derivative of 0 - 1/8*f**4 + 0*f + 1/60*f**5 + 7/3*f**3 - 11*f**2. What is the units digit of q(5)?
4
Let q(c) = -40*c + 16. Let o be q(-3). Suppose 0 = 2*g + 2*h + 320, 0 = g + 5*h - 10*h + o. What is the units digit of (g/(-18))/(75/(-81) - -1)?
7
Suppose -q + 5*n + 14077 = 0, 3*n + 7387 = 2*q - 20767. What is the tens digit of q?
7
Let i(o) = -o + 7. Let p be i(5). Suppose -s + 4*m - 12 = 0, -4*m = 3*s - p*s - 20. What is the hundreds digit of -8 + s + 1*239/1?
2
Let k(y) = -3*y - 58. Let j be k(-20). Let b be (-26)/4*(2 + j). 